{"id":2,"date":"2020-03-31T12:00:17","date_gmt":"2020-03-31T15:00:17","guid":{"rendered":"http:\/\/jjveloso.com\/?page_id=2"},"modified":"2024-06-25T15:05:00","modified_gmt":"2024-06-25T18:05:00","slug":"pagina-exemplo","status":"publish","type":"page","link":"https:\/\/jjveloso.com\/index.php\/pagina-exemplo\/","title":{"rendered":"Quem sou"},"content":{"rendered":"\n<p>Natural de <a rel=\"noreferrer noopener\" aria-label=\"Montes Claros (abre numa nova aba)\" href=\"https:\/\/pt.wikipedia.org\/wiki\/Montes_Claros\" target=\"_blank\">Montes Claros<\/a>, no norte de Minas Gerais, quase que me considero um n\u00f4made, pois j\u00e1 alternei moradias entre Bras\u00edlia, Ita\u00fana e Belo Horizonte, onde atualmente resido.<\/p>\n\n\n\n<p>Criado com &#8220;carne de sol&#8221;, &#8220;arroz com pequi&#8221; e quitutes maravilhosos como &#8220;rapadura&#8221;, &#8220;doce de mocot\u00f3&#8221; e &#8220;bala de mel&#8221; ou frutas como o &#8220;caj\u00e1&#8221;, &#8220;umbu&#8221; e &#8220;pinha&#8221;, aprendi a apreciar, saborear, desde cedo, o aprender e, ainda mais, o compartilhar o pouco que se sabe&#8230;<\/p>\n\n\n\n<p>E por gra\u00e7a divina, ao longo de meu caminhar, fui agraciado com a companhia de pessoas abnegadas e apaixonadas pelo aprender\/compartilhar&#8230; <\/p>\n\n\n\n<p>Todos, com seu modo peculiar e espetacular de viver tiveram importante papel na constru\u00e7\u00e3o do ser humano que hoje sou.<\/p>\n\n\n\n<p>Envolvi-me em atividades das mais diversas, como escotismo, jornalismo, grupo de jovens para atua\u00e7\u00e3o social, enxadrismo, estudos religiosos e de culturas orientais e muitas outras, trazendo, de cada uma um tijolo, &#8220;uma pedra de brilhante, a ladrilhar a rua&#8221;.<\/p>\n\n\n\n<p>E \u00e9 nessa rua, ladrilhada de brilhantes, que convido a todos para caminhar!<\/p>\n\n\n\n<figure class=\"wp-block-image\"><img decoding=\"async\" src=\"http:\/\/images.virgula.com.br\/2016\/10\/Ciclovia-na-Pol%C3%B4nia-2.jpg\" alt=\"\"\/><figcaption><a href=\"http:\/\/www.virgula.com.br\/viagem\/ciclovia-na-polonia-brilha-no-escuro-e-e-recarregada-por-energia-solar\/\">Ciclovia na Pol\u00f4nia brilha no escuro e \u00e9 recarregada por energia solar!<\/a><\/figcaption><\/figure>\n\n\n\n<p><\/p>\n","protected":false},"excerpt":{"rendered":"<p>Natural de Montes Claros, no norte de Minas Gerais, quase que me considero um n\u00f4made, pois j\u00e1 alternei moradias entre Bras\u00edlia, Ita\u00fana e Belo Horizonte, onde atualmente resido. Criado com &#8220;carne de sol&#8221;, &#8220;arroz com pequi&#8221; e quitutes maravilhosos como &#8220;rapadura&#8221;, &#8220;doce de mocot\u00f3&#8221; e &#8220;bala de mel&#8221; ou frutas como o &#8220;caj\u00e1&#8221;, &#8220;umbu&#8221; e &#8220;pinha&#8221;, aprendi a apreciar, saborear, desde cedo, o aprender e, ainda mais, o compartilhar o pouco que se sabe&#8230; E por gra\u00e7a divina, ao longo de meu caminhar, fui agraciado com a companhia de pessoas abnegadas e apaixonadas pelo aprender\/compartilhar&#8230; Todos, com seu modo peculiar e espetacular de viver tiveram importante papel na constru\u00e7\u00e3o do ser humano que hoje sou. Envolvi-me em atividades das mais diversas, como escotismo, jornalismo, grupo de jovens para atua\u00e7\u00e3o social, enxadrismo, estudos religiosos e de culturas orientais e muitas outras, trazendo, de cada uma um tijolo, &#8220;uma pedra de brilhante, a ladrilhar a rua&#8221;. E \u00e9 nessa rua, ladrilhada de brilhantes, que convido a todos para caminhar!<\/p>\n","protected":false},"author":1,"featured_media":0,"parent":0,"menu_order":0,"comment_status":"closed","ping_status":"open","template":"","meta":{"footnotes":""},"class_list":["post-2","page","type-page","status-publish","hentry"],"_links":{"self":[{"href":"https:\/\/jjveloso.com\/index.php\/wp-json\/wp\/v2\/pages\/2","targetHints":{"allow":["GET"]}}],"collection":[{"href":"https:\/\/jjveloso.com\/index.php\/wp-json\/wp\/v2\/pages"}],"about":[{"href":"https:\/\/jjveloso.com\/index.php\/wp-json\/wp\/v2\/types\/page"}],"author":[{"embeddable":true,"href":"https:\/\/jjveloso.com\/index.php\/wp-json\/wp\/v2\/users\/1"}],"replies":[{"embeddable":true,"href":"https:\/\/jjveloso.com\/index.php\/wp-json\/wp\/v2\/comments?post=2"}],"version-history":[{"count":6,"href":"https:\/\/jjveloso.com\/index.php\/wp-json\/wp\/v2\/pages\/2\/revisions"}],"predecessor-version":[{"id":61,"href":"https:\/\/jjveloso.com\/index.php\/wp-json\/wp\/v2\/pages\/2\/revisions\/61"}],"wp:attachment":[{"href":"https:\/\/jjveloso.com\/index.php\/wp-json\/wp\/v2\/media?parent=2"}],"curies":[{"name":"wp","href":"https:\/\/api.w.org\/{rel}","templated":true}]}}